15 + -17083. Calculate the remainder when d is divided by 60.
52
Let b(n) = 180*n + 3057. Calculate the remainder when b(99) is divided by 146.
145
Suppose -290*m + 518379 = 151819. Calculate the remainder when m is divided by 620.
24
Suppose -2*b + 5*o = 10*o - 832, 5*b - 1964 = 2*o. Calculate the remainder when b is divided by 39.
6
Let t(w) = -w**3 + 27*w**2 + 55*w + 494. What is the remainder when t(28) is divided by 1240?
10
Suppose -27*h + 68 = -40. Suppose -v + 103 - 38 = 5*d, -8 = -h*d. What is the remainder when v is divided by 6?
1
What is the remainder when (-1479)/(-9) + (-4)/(-6) is divided by 116/6 - (-2185)/(-345)?
9
Let t(z) = 5*z + 35. Let y be t(-5). Let u(s) = -s**2 + 9*s + 25. Calculate the remainder when 66 is divided by u(y).
6
Suppose -4776 + 2363 = -19*f. Suppose 4*n - 82 = -y - 2*y, 0 = -4*y - 4*n + 104. Calculate the remainder when f is divided by y.
17
Let g(d) = d**3 - d**2 + d - 6. Let s be g(2). Suppose s = 9*t - 443 + 20. What is the remainder when (-137)/((0 - 1) + 0) is divided by t?
43
Let y = -17301 - -17880. What is the remainder when y is divided by 504?
75
Let b(y) = -12*y**3 - 3*y**2 - 2*y - 1. Let d be b(-1). Suppose d*v = 20*v - 70. What is the remainder when 18 is divided by v?
4
Suppose -30*i - 299 = -32*i + 5*b, -401 = -3*i - 2*b. What is the remainder when i is divided by 122?
15
Let n be -16 - -26 - 1/(2/10). Suppose -n*b + 69 + 28 = 3*c, -2*c + 98 = -5*b. Calculate the remainder when 582 is divided by c.
36
Let l be (-1)/2 + 75/6. Suppose -l = -2*w + 4*w. Let j = 37 - w. What is the remainder when j is divided by 16?
11
Let o(v) = -115*v - 1194. Calculate the remainder when o(-47) is divided by 43.
40
Let n(a) = a**3 - 41*a**2 - 218*a + 76. What is the remainder when n(47) is divided by 3?
0
Let t(w) = -w + 37. Let z(f) = 4*f - 1. Let n(o) = t(o) + 3*z(o). Let q = 13 - -7. Calculate the remainder when n(2) is divided by q.
16
Let i = -164 - -254. Suppose 92*k = i*k + 230. Calculate the remainder when k is divided by 12.
7
Suppose 0 = -0*l - l + 36. Calculate the remainder when ((54 + 4)*1)/(-24 + (-592)/(-24)) is divided by l.
15
Let s(k) be the first derivative of -k**3/3 + 2*k**2 + 82*k + 56. What is the remainder when s(0) is divided by 14?
12
Suppose 0 = -k - 2*k. Suppose k = -2*x + 5*b + 97, -4*x + b + 101 = -2*x. Calculate the remainder when x is divided by (-1694)/(-308)*52/22.
12
Suppose -3540 = -38*l + 8278. Calculate the remainder when l is divided by 140.
31
Let q(r) be the second derivative of -r**5/20 + 3*r**4/4 - 4*r**3/3 + r**2/2 + 8*r. Let l be q(8). Let i = l - -8. What is the remainder when i is divided by 3?
0
Suppose 5*t - 11 = 4*t. Suppose -9 = -w - t. Calculate the remainder when (-24 + w)*1/(-1)*2 is divided by 19.
14
Suppose -33*k - 92*k = 16*k - 29892. What is the remainder when k is divided by 182?
30
Suppose 138*x = 142*x - 8. Let o be 14/(0 - (-1)/x). What is the remainder when 81 is divided by (0 - o)*(-30)/40?
18
Suppose 0 = -3*f + 12, k - 17 = 4*f + 49. Suppose 12782*h - 12773*h = 270. What is the remainder when k is divided by h?
22
Let h = -63 - -123. Suppose 38567*c - 264 = 38555*c. What is the remainder when h is divided by c?
16
What is the remainder when 4857 is divided by (-56 + (-5 - -7))/(7/(28/(-8)))?
24
Let w = 31 - 34. What is the remainder when (((-729)/6)/w)/((-21)/(-28)) is divided by 5?
4
Let t be (-148)/(-6) - 18/27. Suppose -w = -3*l - t, 2*w - 83 + 35 = 3*l. Calculate the remainder when 111 is divided by w.
15
Suppose 1375 = -798*n + 802*n - 3*s, -4*n = 2*s - 1410. Calculate the remainder when n is divided by 58.
1
Let u(b) = 2*b**2 - b + 2. Let x(p) = 9*p**2 - 17*p + 17. Let k(r) = 4*u(r) - x(r). Suppose 0*t + t - 7 = 0. What is the remainder when k(t) is divided by 19?
14
Let i be (-16)/4*1 + 7. Suppose 7*h - 4 - i = 0. What is the remainder when 1*(-4 + h + 29) is divided by 6?
2
Suppose 6*h - 8*h + 420 = 33*h. Calculate the remainder when 611 is divided by h.
11
Let k(l) = -46*l + 338. Calculate the remainder when 2635 is divided by k(7).
11
Let m = 2579 - 2500. Calculate the remainder when 158 is divided by m.
0
Suppose 2*k - 6*k + 812 = 0. Let l = k + -192. What is the remainder when 87 is divided by l?
10
Calculate the remainder when 1389 is divided by (-195)/13 - -52 - 2.
24
Let l = 9833 - 9790. Calculate the remainder when 45 is divided by l.
2
Let s be 2/(-6) + 10/3. Suppose 11*d = s + 30. What is the remainder when 25 is divided by d - (-48)/(-8)*(-1 - 0)?
7
Let d(l) = 1221*l + 5020. Let m(q) = -q**2 - 7*q - 6. Calculate the remainder when d(-4) is divided by m(-4).
4
Let m(f) be the third derivative of f**5/15 - 7*f**4/12 - 5*f**3/6 + 26*f**2 + 2. What is the remainder when m(6) is divided by 14?
13
Let s(a) = a**3 + 19*a**2 - 21*a + 59. Let f be s(-21). Let b = f + 451. What is the remainder when b is divided by 36?
33
Let o = 1071 - 443. What is the remainder when o is divided by 49?
40
Let w(o) = 17*o**3 + 4*o**2 + 13*o - 24. What is the remainder when 628 is divided by w(2)?
12
Let g(a) = 277*a - 3594. Let r(y) = y - 3. Let k be r(5). Calculate the remainder when k/5 - 123/(-5) is divided by g(13).
4
Let g(d) = -110*d - 369. What is the remainder when 489 is divided by g(-4)?
63
Let z = -5478 + 5929. What is the remainder when 1813 is divided by z?
9
Let a(s) = 7*s**2 + 80*s - 29. What is the remainder when 1611 is divided by a(-12)?
15
Let d = -571 - -723. Calculate the remainder when d is divided by 31.
28
Let x be (-114100)/(-75)*(-1 + 5/2). Suppose 869 = -9*i + x. Calculate the remainder when i is divided by 79.
78
Let z(n) = 15*n - 8. Let q(j) = 32*j - 17. Let b(h) = -3*q(h) + 5*z(h). Calculate the remainder when 255 is divided by b(-1).
31
Suppose -12*b + 110 = -10*b. Let a be ((-30)/(-8))/(3/112). Suppose k - 6*k = -a. What is the remainder when b is divided by k?
27
Suppose -4*t - h - 94 = 11, 0 = -3*t - 3*h - 90. Let y = t - -172. Calculate the remainder when y is divided by 10.
7
Suppose -11*r + 578 = -28*r. Let u = 79 + r. Calculate the remainder when 178 is divided by u.
43
Let f = 6670 + -5591. Calculate the remainder when f is divided by 100.
79
Let o(f) = 3*f - 11. Let w(j) = -j**3 + 4*j**2 + 33*j + 7. Let u be w(8). What is the remainder when 88 is divided by o(u)?
20
Let k = 1638 - 1527. Calculate the remainder when k is divided by (-101)/(-6) - 8/(-48).
9
Let k(y) = y**2 + 7*y - 4. Suppose 14*v + 166 = 13*v. Let s = -134 - v. Calculate the remainder when k(7) is divided by s.
30
Suppose 5*b = 3*v - 112, -183*v - 3*b = -180*v - 144. What is the remainder when 281 is divided by v?
17
Let b(l) = 2*l**2 + 102*l - 1509. What is the remainder when b(-71) is divided by 70?
1
Let i(f) = -6*f**2 - 33*f + 4. Let p be 100/40*(-5 + 3). What is the remainder when 149 is divided by i(p)?
16
Let n = 21118 - 21083. Calculate the remainder when 45 is divided by n.
10
Calculate the remainder when 805 is divided by 2/(-18) - (-23 + (-300)/27).
23
Suppose 471 = 4*g - 669. Suppose -3*w + 215 = -0*w + 2*y, y = -4*w + g. What is the remainder when w is divided by 8?
7
Let j(s) = 49*s - 1. Suppose 2*q = 0, -4 = -2*g - q - q. What is the remainder when j(g) is divided by (4/(280/(-462)))/(1/(-5))?
31
Let m(r) = 3*r**2 - 5*r - 18. Let j be m(6). Suppose -6*p = x - 5*p - j, 3*p - 238 = -4*x. Calculate the remainder when x is divided by 5.
3
Suppose 20 = 8*i - 3*i. Suppose -3*g + 123 = 3*j, -7*g - 189 = -5*j - i*g. What is the remainder when 90 is divided by j?
12
Let w = -4848 + 5140. What is the remainder when 21314 is divided by w?
290
Calculate the remainder when 7845 is divided by (-11)/((-77)/(-399))*((-12)/(-18) - 1).
17
Suppose j + 2339 = 5*x, -850 = 4*x - 6*j - 2768. What is the remainder when x is divided by 81?
61
Suppose -5*q + 663 + 292 = 0. Let g = -79 + q. Calculate the remainder when g is divided by (-78)/(-15)*(-570)/1064*-14.
34
Let x = 78 + 43. Suppose -18*m = -7*m - x. Calculate the remainder when 43 is divided by m.
10
Let g = -89 - -102. Let s = 13 - g. Suppose s = 8*w - 10*w + 22. Calculate the remainder when 53 is divided by w.
9
Let w = 2575 + -2499. Calculate the remainder when 527 is divided by w.
71
Let k(r) = -15*r + 119. Let u be k(13). Let d = 152 + u. Calculate the remainder when d is divided by 11.
10
Let